 -2*j**2 + 7*j + 5. Suppose 3*b - 6 = 3*h, -3*b - 58*h = -62*h - 1. What is o(b)?
-44
Let h(a) = -2*a**2 + a - 1. Let p be h(-1). Let k = -2 - -3. Let z(j) = -3*j - j - 2 + 3*j - k. Determine z(p).
1
Let a(z) be the third derivative of z**5/60 + 5*z**4/24 - 4*z**3/3 - 11*z**2. Let b(s) = 2*s**2 + 10*s - 16. Let c(g) = -5*a(g) + 2*b(g). Determine c(-6).
2
Let o(d) be the first derivative of 3*d**2 - 1. Let u(q) = -7*q. Let a(j) = 6*o(j) + 5*u(j). Calculate a(2).
2
Let m(j) = j**2 - 3*j - 1. Suppose 0 = 2*f - 10 + 4. Suppose -f*b + 5*b - 2 = -2*y, 4*b = -3*y + 6. Suppose g - 6 + b = 0. Calculate m(g).
-1
Let u(b) = -711*b + 4 - 705*b + 1412*b. What is u(-5)?
24
Let o(q) = -q - 6. Suppose 5*l = 3*l + 12. Suppose -3*c - l*c = 45. Calculate o(c).
-1
Let f(l) = -4*l - 2*l + 2*l + l. Let j = -227 - -230. Calculate f(j).
-9
Let m(h) be the third derivative of -h**6/120 + h**5/12 - 5*h**4/24 + 2*h**3/3 - 1279*h**2. Suppose 0 = 7*c - 2*c - 15. Determine m(c).
7
Let n(d) be the first derivative of d**3/3 - 9*d**2/2 - 31*d + 532. Give n(12).
5
Let j(m) = -2*m + 5. Let n = 261 - 257. Calculate j(n).
-3
Let f(v) be the first derivative of v**4/4 - 4*v**3/3 - 5*v**2/2 + 7*v + 76. Calculate f(5).
7
Suppose 0 = 7*w - 54 - 93. Suppose -q + 4*a + w = 0, 4*q + 0*q = 5*a + 29. Let r(g) = 2*g**3 + g - 1. Determine r(q).
2
Let y(z) = -z**2 - 5*z + 4. Let w be y(-6). Let a(v) = -4*v + 2. Determine a(w).
10
Let t(f) = -f**2 + 8*f. Let w(j) = 2*j**2 - 9*j. Let v(s) = 3*t(s) + 2*w(s). Give v(-7).
7
Let u(d) be the third derivative of d**6/120 - 7*d**5/60 + d**4/4 - d**3/2 - 2*d**2 - 2*d. Calculate u(6).
-3
Suppose 5*s - 75 = -5*o, -10*s + 7*s = -o + 3. Let t(c) = -c**3 + 12*c**2 + c - 5. Calculate t(o).
7
Let q(g) = g**3 - 5*g**2 + 3*g + 1. Suppose 19 = 2*o - 21. Suppose 0 = 19*w - o*w + 4. Give q(w).
-3
Let i(b) = -16*b**2 - 3*b - 1. Let h(u) = -27*u**2 - 6*u - 1. Let a(p) = -3*h(p) + 5*i(p). What is a(0)?
-2
Let v(u) = -29*u**3 + 19*u**2 + 21*u + 3. Let j(h) = 9*h**3 - 6*h**2 - 7*h - 1. Let x(c) = -13*j(c) - 4*v(c). Determine x(4).
-3
Suppose -65*s + 48 = -53*s. Let i(r) = -1 + 1 + 2 - 4*r - 1. Calculate i(s).
-15
Let p(c) = c**3 - 4*c**2 - 2*c - 1. Let t = 239 - 235. What is p(t)?
-9
Let u = 234 - 236. Let v(l) = -3*l - 5. What is v(u)?
1
Let a(h) = -92*h**2 - 6*h + 90*h**2 + 2 - 3. Suppose -9 = -2*w - 3*x, -4*x + 5 + 7 = -4*w. Suppose w = 3*n + 6 + 6. Give a(n).
-9
Let j = -61 - -66. Let d(k) = -k**2 + k - 1. Calculate d(j).
-21
Suppose -2*r + 36 = 7*r. Suppose -t - 3 = q + r, -5*q + 2*t = 14. Let b(o) = -o**3 - 5*o**2 - 7*o - 5. Give b(q).
7
Suppose -t + 3*t + 8 = 0, -4*s + 4*t + 16 = 0. Let d(y) = 3*y + 6. Let u(l) = -8*l - 18. Let j(c) = 11*d(c) + 4*u(c). Determine j(s).
-6
Let a(q) = -q**3 + 7*q**2 + 5*q - 17. Let u be 142/20 + 9/(-90). Determine a(u).
18
Suppose 0 = -4*r - 20, -2*b + 33 = b - 3*r. Let n = 10 - b. Let a = -3 + n. Let k(c) = -3*c + 1. Calculate k(a).
-2
Let o(u) = 1 - u**2 + 0*u**2 + 0*u**2. Let v(n) = 2*n**2 - 4*n - 2. Let l(s) = -3*o(s) - v(s). Suppose 11*r + 12 = 8*r. What is l(r)?
-1
Let x(q) be the first derivative of -q**7/840 - q**6/45 + q**5/12 + q**4/3 + 6*q**3 + 6. Let t(j) be the third derivative of x(j). Determine t(-9).
-1
Suppose -2*t = -6*t + 8. Suppose 2*h + 12 = t. Let q(i) = i**3 + 7*i + 6*i**2 - 2*i - 555 + i - 646 + 1200. Determine q(h).
-6
Let s(k) = k - 6. Let p be s(3). Let l(n) = -n. Let z be l(p). Let f(t) be the third derivative of -t**5/30 + t**4/6 + t**3/6 + 60*t**2. Calculate f(z).
-5
Let b(f) be the third derivative of -f**6/120 - f**5/12 + 3*f**4/8 + 4*f**3/3 - 4*f**2. Determine b(-6).
-10
Suppose -7*n = a - 12 + 30, -3*a - 4 = -4*n. Let b(l) = -2*l - 12. What is b(a)?
-4
Let h(b) = -b**2 + 5*b + 3. Let q = 1 + 2. Let o be 2/6 - (-132)/(-18). Let k be (-5)/q*(4 + o). What is h(k)?
3
Let i(x) be the second derivative of x**8/6720 + x**7/630 - x**5/120 + x**4/3 - 12*x. Let b(t) be the third derivative of i(t). Give b(-4).
-1
Let b be (0 - -8)*((-616)/(-64) - 9). Let w(y) be the first derivative of 2 - 1/2*y**2 - b*y. Determine w(4).
-9
Let y = 6 + -4. Let w(q) = 2*q**3 - 2*q**2 + 2*q + 1. Let j(a) = -3*a + 11*a**2 - 10*a**3 + 0 - 6 - 8*a. Let v(d) = y*j(d) + 11*w(d). Determine v(1).
1
Let p(j) = -15*j**3 - 13*j**2 - 15*j - 2. Let v(m) = 8*m**3 + 7*m**2 + 8*m + 1. Let d(l) = -6*p(l) - 11*v(l). Calculate d(-2).
-15
Let a(k) = -4*k**3 + 3*k**3 - k + 27 - k**3 - 24. Determine a(0).
3
Let z be ((-410)/50 - -7)*-1*10. Let s(x) = -2*x + 29. What is s(z)?
5
Let w(i) = 15*i - 8. Let n(a) = -11*a + 9. Let y(c) = -4*n(c) - 3*w(c). What is y(-6)?
-6
Let j(b) be the first derivative of -b**6/40 - b**5/60 - 19*b**2/2 + 14. Let c(o) be the second derivative of j(o). Calculate c(-2).
20
Let i(g) = g**2 - 2*g + 6. Let c(j) = -j - 14 + 14. Let q(t) = 2*c(t) + i(t). Determine q(4).
6
Suppose 4*j = 3*n - 2*n - 71, 3*n + 91 = -4*j. Let k = -17 - j. Let x(y) = -1 + k*y - 2*y**2 + 4 + 3*y**2. Give x(-4).
11
Let m(r) = 2 - 2 + 3 - 2 + r. Let f(l) = l**3 - 7*l**2 + 4*l - 12. Let z be f(6). Let v = z - -19. Give m(v).
-4
Let k(x) be the third derivative of x**5/12 + x**3/6 - 38*x**2 + 2*x. Determine k(1).
6
Let d(p) = 4*p**2 - 5*p**2 + 0*p**2 + 0*p**2 - 2*p. Suppose 5*o = -7 - 8. What is d(o)?
-3
Let c(w) = -2*w**2. Suppose -5*v - 14*o + 9*o + 10 = 0, 0 = 5*o. What is c(v)?
-8
Let b(h) = -3*h**2 - 5*h + 4*h - 3 + 4. Let u(t) = -t**3 - 10*t**2 - 14*t + 21. Let v be u(-8). Suppose 0 = 5*g + 5, 0 = m - 2*m - v*g - 4. Calculate b(m).
-3
Let g(v) = -v**2 + 4*v - 5. Let n(u) = 13*u**2 - 363*u - 24. Let b be n(28). Give g(b).
-5
Let d be (-436)/981 + 2*(-49)/(-18). Let s(w) = -w**3 + 4*w**2 + 4*w + 3. Give s(d).
-2
Suppose -4*v - 7 = 3*g - 0*v, -5*g + 19 = -v. Let s(x) = -g*x**2 + x - 4 + 2*x**2 + 5 - 2*x. Give s(0).
1
Let d(z) = z + 20. Suppose -10*x - 220 + 100 = 0. What is d(x)?
8
Suppose -4*l + 2*p + 79 = 5*p, 3*l - 58 = -2*p. Suppose 3*o - 2*o = 4*v - 13, 0 = -3*o + v + l. Let x(m) = 1 - 3*m + 3 - o + 5. Give x(2).
-4
Let y be 3*(20/(-6) - 20/(-5)). Suppose 4*u = -20, y*u + 15 = a - u. Let z(c) = c**3 + c**2 - c + 3. What is z(a)?
3
Let x be 114/27 - 2/9. Let v(o) = o**2 - 2*o + 2. What is v(x)?
10
Suppose -2*r + 3*r = 2. Let s(c) be the third derivative of c**5/30 - c**4/6 + c**3/3 - 87*c**2 + 2*c. Determine s(r).
2
Let d(t) = -t**2 + 1. Let o be d(-2). Let x(q) = -5*q**3 - 8*q**2 - 12*q + 8. Let i(y) = 3*y**3 + 5*y**2 + 7*y - 5. Let c(z) = 7*i(z) + 4*x(z). What is c(o)?
-6
Let d(o) = -o**3 + o**2 - o - 5. Suppose -30 = 4*w - 3*h + 6, 4*h = -3*w - 27. Let g(q) = 0 + 3*q - 2*q + 5 + 4. Let l be g(w). Give d(l).
-5
Let w = -70 - -76. Let x(o) = o**3 - 3*o**2 + 7*o - 2. Let f(t) = t**3 - 2*t**2 + 6*t - 1. Let c(m) = w*x(m) - 7*f(m). Determine c(-4).
-5
Let t(n) = -2*n. Let m(c) = 18*c. Let b(y) = -m(y) - 8*t(y). Let j = 47 + -48. Give b(j).
2
Let p(h) be the second derivative of -1/20*h**5 + 0 + 3/2*h**2 + 5/6*h**3 - 10*h + 1/4*h**4. Determine p(4).
7
Suppose n + 43 = 5*m + 38, -2*m + 36 = 3*n. Let f(i) be the second derivative of -n*i + 0 - 2/3*i**3 + 3/2*i**2 + 1/6*i**4. Determine f(3).
9
Suppose -m + 24 = 3*m. Let w(r) = -2*r - 8. Let f(v) = 2*v + 9. Let t(l) = m*f(l) + 7*w(l). Give t(3).
-8
Let j(y) = y**2 + 8*y - 2. Let l(g) = 21*g - 27. Let f be l(1). What is j(f)?
-14
Let l be ((-7)/(-7))/(-1 - 5/(-4)). Let g(n) = 3*n + 1. Let s(t) = -2*t - 2. Let q(x) = l*s(x) + 3*g(x). Give q(5).
0
Let n = -5 - -7. Let o(p) = -3*p + 3. Suppose -41 = -5*l - 4*y, y - 4*y = -2*l - 2. Let b(r) = 4*r - 4. Let m(z) = l*b(z) + 6*o(z). Calculate m(n).
2
Let b(v) = 2*v + 3*v - 2*v. Suppose k - 6 = -3*i, -3*k + i = 3*i - 4. Suppose 7*x - 16 + 2 = k. What is b(x)?
6
Let h = -7 + 14. Suppose 11*o - h*o - 20 = 0. Let t(k) = 4*k**2 + 4*k + 6 + 0*k + 4*k**3 - 5*k**3. Determine t(o).
1
Let i(v) = 4 + 0*v**2 - 5*v + 0*v - v**2 - v**2. Suppose 5*f + 26 = p, 0*p - 5*f = -4*p + 74. Let z be (0 + -2)/(8/p). What is i(z)?
-8
Suppose 13*i + 22 = -5*j + 14*i, -9 = 3*i. Let l(s) be the third derivative of -2*s**2 - 1/120*s**6 - 1/6*s**4 + 0*s - 1/2*s**3 - 1/10*s**5 + 0. Give l(j).
-8
Let q(w) = -w**3 + 4*w**2 - 3*w + 6. Let h(o) = -o + 7. Suppose -8 = l - 2*l. Suppose 0 = -v - 6*s + s + 23, 4*v - 5*s + l = 0. Let r be h(v). Calculate q(r).
-6
Let k(t) = t**2 + 3*t + 3. Let c